{"id":16,"date":"2024-06-14T01:18:41","date_gmt":"2024-06-14T01:18:41","guid":{"rendered":"https:\/\/smilelogistics.vn\/?page_id=16"},"modified":"2025-07-18T07:33:58","modified_gmt":"2025-07-18T07:33:58","slug":"dich-vu","status":"publish","type":"page","link":"https:\/\/smilelogistics.vn\/?page_id=16","title":{"rendered":"D\u1ecbch V\u1ee5"},"content":{"rendered":"\t\t<div data-elementor-type=\"wp-page\" data-elementor-id=\"16\" class=\"elementor elementor-16\" data-elementor-post-type=\"page\">\n\t\t\t\t<div class=\"elementor-element elementor-element-50aa917 e-flex e-con-boxed e-con e-parent\" data-id=\"50aa917\" data-element_type=\"container\">\n\t\t\t\t\t<div class=\"e-con-inner\">\n\t\t\t\t<div class=\"elementor-element elementor-element-38c1849 elementor-widget__width-inherit elementor--h-position-center elementor--v-position-middle elementor-arrows-position-inside elementor-pagination-position-inside elementor-widget elementor-widget-slides\" data-id=\"38c1849\" data-element_type=\"widget\" data-settings=\"{&quot;navigation&quot;:&quot;both&quot;,&quot;autoplay&quot;:&quot;yes&quot;,&quot;pause_on_hover&quot;:&quot;yes&quot;,&quot;pause_on_interaction&quot;:&quot;yes&quot;,&quot;autoplay_speed&quot;:5000,&quot;infinite&quot;:&quot;yes&quot;,&quot;transition&quot;:&quot;slide&quot;,&quot;transition_speed&quot;:500}\" data-widget_type=\"slides.default\">\n\t\t\t\t<div class=\"elementor-widget-container\">\n\t\t\t<style>\/*! elementor-pro - v3.21.0 - 20-05-2024 *\/\n.elementor-slides .swiper-slide-bg{background-size:cover;background-position:50%;background-repeat:no-repeat;min-width:100%;min-height:100%}.elementor-slides .swiper-slide-inner{background-repeat:no-repeat;background-position:50%;position:absolute;top:0;left:0;bottom:0;right:0;padding:50px;margin:auto}.elementor-slides .swiper-slide-inner,.elementor-slides .swiper-slide-inner:hover{color:#fff;display:flex}.elementor-slides .swiper-slide-inner .elementor-background-overlay{position:absolute;z-index:0;top:0;bottom:0;left:0;right:0}.elementor-slides .swiper-slide-inner .elementor-slide-content{position:relative;z-index:1;width:100%}.elementor-slides .swiper-slide-inner .elementor-slide-heading{font-size:35px;font-weight:700;line-height:1}.elementor-slides .swiper-slide-inner .elementor-slide-description{font-size:17px;line-height:1.4}.elementor-slides .swiper-slide-inner .elementor-slide-description:not(:last-child),.elementor-slides .swiper-slide-inner .elementor-slide-heading:not(:last-child){margin-bottom:30px}.elementor-slides .swiper-slide-inner .elementor-slide-button{border:2px solid #fff;color:#fff;background:transparent;display:inline-block}.elementor-slides .swiper-slide-inner .elementor-slide-button,.elementor-slides .swiper-slide-inner .elementor-slide-button:hover{background:transparent;color:inherit;text-decoration:none}.elementor--v-position-top .swiper-slide-inner{align-items:flex-start}.elementor--v-position-bottom .swiper-slide-inner{align-items:flex-end}.elementor--v-position-middle .swiper-slide-inner{align-items:center}.elementor--h-position-left .swiper-slide-inner{justify-content:flex-start}.elementor--h-position-right .swiper-slide-inner{justify-content:flex-end}.elementor--h-position-center .swiper-slide-inner{justify-content:center}body.rtl .elementor-widget-slides .elementor-swiper-button-next{left:10px;right:auto}body.rtl .elementor-widget-slides .elementor-swiper-button-prev{right:10px;left:auto}.elementor-slides-wrapper div:not(.swiper-slide)>.swiper-slide-inner{display:none}@media (max-width:767px){.elementor-slides .swiper-slide-inner{padding:30px}.elementor-slides .swiper-slide-inner .elementor-slide-heading{font-size:23px;line-height:1;margin-bottom:15px}.elementor-slides .swiper-slide-inner .elementor-slide-description{font-size:13px;line-height:1.4;margin-bottom:15px}}<\/style>\t\t<div class=\"elementor-swiper\">\n\t\t\t<div class=\"elementor-slides-wrapper elementor-main-swiper swiper\" dir=\"ltr\" data-animation=\"fadeInUp\">\n\t\t\t\t<div class=\"swiper-wrapper elementor-slides\">\n\t\t\t\t\t\t\t\t\t\t<div class=\"elementor-repeater-item-b5ee0fb swiper-slide\"><div class=\"swiper-slide-bg\" role=\"img\"><\/div><div class=\"swiper-slide-inner\" ><div class=\"swiper-slide-contents\"><div class=\"elementor-slide-heading\">H\u01a1n  17 n\u0103m  kinh  nghi\u1ec7m<\/div><div class=\"elementor-slide-description\">trong ng\u00e0nh d\u1ecbch v\u1ee5 logistics.<\/div><\/div><\/div><\/div>\t\t\t\t<\/div>\n\t\t\t\t\t\t\t<\/div>\n\t\t<\/div>\n\t\t\t\t<\/div>\n\t\t\t\t<\/div>\n\t\t\t\t\t<\/div>\n\t\t\t\t<\/div>\n\t\t<div class=\"elementor-element elementor-element-61e65bc e-flex e-con-boxed e-con e-parent\" data-id=\"61e65bc\" data-element_type=\"container\">\n\t\t\t\t\t<div class=\"e-con-inner\">\n\t\t\t\t<div class=\"elementor-element elementor-element-91da4e5 elementor-widget elementor-widget-text-editor\" data-id=\"91da4e5\" data-element_type=\"widget\" data-widget_type=\"text-editor.default\">\n\t\t\t\t<div class=\"elementor-widget-container\">\n\t\t\t<style>\/*! elementor - v3.22.0 - 17-06-2024 *\/\n.elementor-widget-text-editor.elementor-drop-cap-view-stacked .elementor-drop-cap{background-color:#69727d;color:#fff}.elementor-widget-text-editor.elementor-drop-cap-view-framed .elementor-drop-cap{color:#69727d;border:3px solid;background-color:transparent}.elementor-widget-text-editor:not(.elementor-drop-cap-view-default) .elementor-drop-cap{margin-top:8px}.elementor-widget-text-editor:not(.elementor-drop-cap-view-default) .elementor-drop-cap-letter{width:1em;height:1em}.elementor-widget-text-editor .elementor-drop-cap{float:left;text-align:center;line-height:1;font-size:50px}.elementor-widget-text-editor .elementor-drop-cap-letter{display:inline-block}<\/style>\t\t\t\t<p><span style=\"color: #000000;\">D\u1ecbch v\u1ee5 logistics c\u1ee7a SmileLogs t\u1eadp trung v\u00e0o vi\u1ec7c cung c\u1ea5p c\u00e1c gi\u1ea3i ph\u00e1p v\u1ec1\u00a0 v\u1eadn chuy\u1ec3n n\u1ed9i\u00a0 \u0111\u1ecba &#8211; qu\u1ed1c\u00a0 t\u1ebf\u00a0 \u0111a\u00a0 d\u1ea1ng nhi\u1ec1u tuy\u1ebfn; b\u00e1o c\u00e1o quy\u1ebft to\u00e1n cho\u00a0 doanh\u00a0 nghi\u1ec7p\u00a0 gia\u00a0 c\u00f4ngg, sxxkk, khu ch\u1ebf xu\u1ea5t v\u00e0 \u0111\u1eb7c bi\u1ec7t h\u01a1n l\u00e0\u00a0<span style=\"font-family: var( --e-global-typography-text-font-family ), Sans-serif; font-weight: var( --e-global-typography-text-font-weight ); text-align: var(--text-align); background-color: var(--nv-site-bg); font-size: var(--bodyfontsize); letter-spacing: var(--bodyletterspacing); text-transform: var(--bodytexttransform);\">th\u1ee7\u00a0 t\u1ee5c khai b\u00e1o h\u1ea3i\u00a0 quan \u0111ang n\u1eafm v\u1ecb th\u1ebf tr\u1ecdng y\u1ebfu trong t\u1ea5t c\u1ea3 c\u00e1c ng\u00e0nh d\u1ecbch v\u1ee5 c\u1ee7a ch\u00fang t\u00f4i.<\/span><\/span><\/p>\t\t\t\t\t\t<\/div>\n\t\t\t\t<\/div>\n\t\t\t\t\t<\/div>\n\t\t\t\t<\/div>\n\t\t<div class=\"elementor-element elementor-element-f149465 e-flex e-con-boxed e-con e-parent\" data-id=\"f149465\" data-element_type=\"container\">\n\t\t\t\t\t<div class=\"e-con-inner\">\n\t\t\t\t<div class=\"elementor-element elementor-element-eeee8c3 elementor-widget elementor-widget-heading\" data-id=\"eeee8c3\" data-element_type=\"widget\" data-widget_type=\"heading.default\">\n\t\t\t\t<div class=\"elementor-widget-container\">\n\t\t\t<style>\/*! elementor - v3.22.0 - 17-06-2024 *\/\n.elementor-heading-title{padding:0;margin:0;line-height:1}.elementor-widget-heading .elementor-heading-title[class*=elementor-size-]>a{color:inherit;font-size:inherit;line-height:inherit}.elementor-widget-heading .elementor-heading-title.elementor-size-small{font-size:15px}.elementor-widget-heading .elementor-heading-title.elementor-size-medium{font-size:19px}.elementor-widget-heading .elementor-heading-title.elementor-size-large{font-size:29px}.elementor-widget-heading .elementor-heading-title.elementor-size-xl{font-size:39px}.elementor-widget-heading .elementor-heading-title.elementor-size-xxl{font-size:59px}<\/style><h2 class=\"elementor-heading-title elementor-size-default\">D\u1ecbch v\u1ee5 ch\u00ednh: <\/h2>\t\t<\/div>\n\t\t\t\t<\/div>\n\t\t\t\t\t<\/div>\n\t\t\t\t<\/div>\n\t\t<div class=\"elementor-element elementor-element-00b1ec1 e-flex e-con-boxed e-con e-parent\" data-id=\"00b1ec1\" data-element_type=\"container\">\n\t\t\t\t\t<div class=\"e-con-inner\">\n\t\t\t\t<div class=\"elementor-element elementor-element-8c7eb88 elementor-widget elementor-widget-text-editor\" data-id=\"8c7eb88\" data-element_type=\"widget\" data-widget_type=\"text-editor.default\">\n\t\t\t\t<div class=\"elementor-widget-container\">\n\t\t\t\t\t\t\t<ol><li><p><span style=\"color: #000000;\"><strong>Th\u1ee7 t\u1ee5c h\u1ea3i quan<\/strong>: SmileLogs cung c\u1ea5p c\u00e1c d\u1ecbch v\u1ee5 li\u00ean quan \u0111\u1ebfn th\u1ee7 t\u1ee5c h\u1ea3i quan \u0111\u1ec3 gi\u00fap kh\u00e1ch h\u00e0ng x\u1eed l\u00fd c\u00e1c th\u1ee7 t\u1ee5c nh\u1eadp kh\u1ea9u v\u00e0 xu\u1ea5t kh\u1ea9u m\u1ed9t c\u00e1ch thu\u1eadn l\u1ee3i. \u0110i\u1ec1u n\u00e0y bao g\u1ed3m vi\u1ec7c chu\u1ea9n b\u1ecb v\u00e0 n\u1ed9p h\u1ed3 s\u01a1 h\u1ea3i quan, gi\u00e1m s\u00e1t v\u00e0 x\u1eed l\u00fd c\u00e1c y\u00eau c\u1ea7u h\u1ea3i quan, \u0111\u1ea3m b\u1ea3o tu\u00e2n th\u1ee7 c\u00e1c quy \u0111\u1ecbnh v\u00e0 lu\u1eadt ph\u00e1p li\u00ean quan.<\/span><\/p><\/li><li><p><span style=\"color: #000000;\"><strong>V\u1eadn chuy\u1ec3n FCL\/LCL container<\/strong>: SmileLogs cung c\u1ea5p d\u1ecbch v\u1ee5 v\u1eadn chuy\u1ec3n h\u00e0ng h\u00f3a b\u1eb1ng container FCL (Full Container Load) v\u00e0 LCL (Less than Container Load). Ch\u00fang\u00a0 t\u00f4i c\u00f3 kh\u1ea3 n\u0103ng t\u1ed5 ch\u1ee9c v\u00e0 qu\u1ea3n l\u00fd vi\u1ec7c v\u1eadn chuy\u1ec3n container t\u1eeb c\u1ea3ng g\u1ed1c \u0111\u1ebfn c\u1ea3ng \u0111\u00edch, \u0111\u1ea3m b\u1ea3o h\u00e0ng h\u00f3a \u0111\u01b0\u1ee3c v\u1eadn chuy\u1ec3n an to\u00e0n v\u00e0 \u0111\u00fang th\u1eddi gian.<\/span><\/p><\/li><li><p><span style=\"color: #000000;\"><strong>V\u1eadn chuy\u1ec3n xe t\u1ea3i<\/strong>: SmileLogs cung c\u1ea5p c\u00e1c gi\u1ea3i ph\u00e1p v\u1eadn chuy\u1ec3n b\u1eb1ng xe t\u1ea3i \u0111\u1ec3 \u0111\u00e1p \u1ee9ng c\u00e1c nhu c\u1ea7u v\u1eadn chuy\u1ec3n h\u00e0ng h\u00f3a n\u1ed9i \u0111\u1ecba. Ch\u00fang\u00a0 t\u00f4i cung c\u1ea5p c\u00e1c lo\u1ea1i xe t\u1ea3i ph\u00f9 h\u1ee3p v\u1edbi m\u1ecdi y\u00eau c\u1ea7u v\u1eadn chuy\u1ec3n t\u1eeb nh\u1ecf \u0111\u1ebfn l\u1edbn, v\u00e0 \u0111\u1ea3m b\u1ea3o vi\u1ec7c giao nh\u1eadn h\u00e0ng h\u00f3a di\u1ec5n ra \u0111\u00fang th\u1eddi h\u1ea1n v\u00e0 an to\u00e0n.<\/span><\/p><\/li><li><p><span style=\"color: #000000;\"><strong>B\u00e1o c\u00e1o quy\u1ebft to\u00e1n<\/strong>: SmileLogs cung c\u1ea5p b\u00e1o\u00a0 c\u00e1o s\u1ed1 li\u1ec7u v\u1edbi\u00a0 c\u01a1 quan h\u1ea3i\u00a0 quan v\u1ec1 t\u00ecnh h\u00ecnh s\u1eed d\u1ee5ng nguy\u00ean li\u1ec7u nh\u1eadp kh\u1ea9u trong n\u0103m t\u00e0i ch\u00ednh v\u1eeba qua, doanh\u00a0 nghi\u1ec7p\u00a0 s\u1eed d\u1ee5ng nguy\u00ean li\u1ec7u nh\u1eadp kh\u1ea9u trong n\u0103m t\u00e0i ch\u00ednh v\u1eeba qua, doanh\u00a0 nghi\u1ec7p\u00a0 s\u1eed\u00a0 d\u1ee5ng\u00a0 nguy\u00ean\u00a0 li\u1ec7u\u00a0 nh\u1eadp\u00a0 kh\u1ea9u c\u00f3 \u0111\u00fang\u00a0 m\u1ee5c\u00a0 \u0111\u00edch\u00a0 hay\u00a0 kh\u00f4ng.\u00a0<span style=\"font-family: var( --e-global-typography-text-font-family ), Sans-serif; font-weight: var( --e-global-typography-text-font-weight ); text-align: var(--text-align); background-color: var(--nv-site-bg); font-size: var(--bodyfontsize); letter-spacing: var(--bodyletterspacing); text-transform: var(--bodytexttransform);\">B\u00e1o c\u00e1o quy\u1ebft to\u00e1n gi\u00fap doanh nghi\u1ec7p gia c\u00f4ng c\u00f3 c\u00e1i nh\u00ecn t\u1ed5ng qu\u00e1t v\u1ec1 t\u00e0i ch\u00ednh v\u00e0 hi\u1ec7u qu\u1ea3 s\u1ea3n xu\u1ea5t, t\u1eeb \u0111\u00f3 c\u00f3 th\u1ec3 \u0111\u01b0a ra c\u00e1c quy\u1ebft \u0111\u1ecbnh chi\u1ebfn l\u01b0\u1ee3c v\u00e0 \u0111i\u1ec1u ch\u1ec9nh chi\u1ebfn l\u01b0\u1ee3c kinh doanh trong t\u01b0\u01a1ng lai.<\/span><\/span><\/p><\/li><\/ol><p><span style=\"color: #000000;\">Th\u00f4ng qua c\u00e1c d\u1ecbch v\u1ee5 n\u00e0y, SmileLogs cam k\u1ebft \u0111em \u0111\u1ebfn cho kh\u00e1ch h\u00e0ng nh\u1eefng gi\u1ea3i ph\u00e1p logistics to\u00e0n di\u1ec7n v\u00e0 chuy\u00ean nghi\u1ec7p, t\u1eeb x\u1eed l\u00fd th\u1ee7 t\u1ee5c h\u1ea3i quan cho \u0111\u1ebfn v\u1eadn chuy\u1ec3n h\u00e0ng h\u00f3a b\u1eb1ng container v\u00e0 xe t\u1ea3i, \u0111\u1ed3ng th\u1eddi cung c\u1ea5p c\u00e1c b\u00e1o c\u00e1o quy\u1ebft to\u00e1n chi ti\u1ebft v\u00e0 minh b\u1ea1ch. \u0110i\u1ec1u n\u00e0y gi\u00fap h\u1ecd t\u1ed1i \u01b0u h\u00f3a quy tr\u00ecnh logistics v\u00e0 n\u00e2ng cao hi\u1ec7u qu\u1ea3 kinh doanh.<\/span><\/p>\t\t\t\t\t\t<\/div>\n\t\t\t\t<\/div>\n\t\t\t\t\t<\/div>\n\t\t\t\t<\/div>\n\t\t<div class=\"elementor-element elementor-element-a525115 e-flex e-con-boxed e-con e-parent\" data-id=\"a525115\" data-element_type=\"container\">\n\t\t\t\t\t<div class=\"e-con-inner\">\n\t\t\t\t<div class=\"elementor-element elementor-element-0799062 elementor-widget elementor-widget-button\" data-id=\"0799062\" data-element_type=\"widget\" data-widget_type=\"button.default\">\n\t\t\t\t<div class=\"elementor-widget-container\">\n\t\t\t\t\t<div class=\"elementor-button-wrapper\">\n\t\t\t<a class=\"elementor-button elementor-button-link elementor-size-sm\" href=\"https:\/\/smilelogistics.vn\/?page_id=74\">\n\t\t\t\t\t\t<span class=\"elementor-button-content-wrapper\">\n\t\t\t\t\t\t\t\t\t<span class=\"elementor-button-text\">Li\u00ean h\u1ec7 t\u01b0 v\u1ea5n<\/span>\n\t\t\t\t\t<\/span>\n\t\t\t\t\t<\/a>\n\t\t<\/div>\n\t\t\t\t<\/div>\n\t\t\t\t<\/div>\n\t\t\t\t\t<\/div>\n\t\t\t\t<\/div>\n\t\t\t\t<\/div>\n\t\t","protected":false},"excerpt":{"rendered":"<p>H\u01a1n 17 n\u0103m kinh nghi\u1ec7mtrong ng\u00e0nh d\u1ecbch v\u1ee5 logistics. D\u1ecbch v\u1ee5 logistics c\u1ee7a SmileLogs t\u1eadp trung v\u00e0o vi\u1ec7c cung c\u1ea5p c\u00e1c gi\u1ea3i ph\u00e1p v\u1ec1\u00a0 v\u1eadn chuy\u1ec3n n\u1ed9i\u00a0 \u0111\u1ecba &#8211; qu\u1ed1c\u00a0 t\u1ebf\u00a0 \u0111a\u00a0 d\u1ea1ng nhi\u1ec1u tuy\u1ebfn; b\u00e1o c\u00e1o quy\u1ebft to\u00e1n cho\u00a0 doanh\u00a0 nghi\u1ec7p\u00a0 gia\u00a0 c\u00f4ngg, sxxkk, khu ch\u1ebf xu\u1ea5t v\u00e0 \u0111\u1eb7c bi\u1ec7t h\u01a1n l\u00e0\u00a0th\u1ee7\u00a0 t\u1ee5c khai&hellip;&nbsp;<a href=\"https:\/\/smilelogistics.vn\/?page_id=16\" class=\"\" rel=\"bookmark\">\u0110\u1ecdc ti\u1ebfp &raquo;<span class=\"screen-reader-text\">D\u1ecbch V\u1ee5<\/span><\/a><\/p>\n","protected":false},"author":1,"featured_media":0,"parent":0,"menu_order":0,"comment_status":"closed","ping_status":"closed","template":"","meta":{"neve_meta_sidebar":"","neve_meta_container":"","neve_meta_enable_content_width":"off","neve_meta_content_width":100,"neve_meta_title_alignment":"","neve_meta_author_avatar":"","neve_post_elements_order":"","neve_meta_disable_header":"","neve_meta_disable_footer":"","neve_meta_disable_title":"","_themeisle_gutenberg_block_has_review":false,"_ti_tpc_template_sync":false,"_ti_tpc_template_id":"","footnotes":""},"class_list":["post-16","page","type-page","status-publish","hentry"],"_links":{"self":[{"href":"https:\/\/smilelogistics.vn\/index.php?rest_route=\/wp\/v2\/pages\/16","targetHints":{"allow":["GET"]}}],"collection":[{"href":"https:\/\/smilelogistics.vn\/index.php?rest_route=\/wp\/v2\/pages"}],"about":[{"href":"https:\/\/smilelogistics.vn\/index.php?rest_route=\/wp\/v2\/types\/page"}],"author":[{"embeddable":true,"href":"https:\/\/smilelogistics.vn\/index.php?rest_route=\/wp\/v2\/users\/1"}],"replies":[{"embeddable":true,"href":"https:\/\/smilelogistics.vn\/index.php?rest_route=%2Fwp%2Fv2%2Fcomments&post=16"}],"version-history":[{"count":17,"href":"https:\/\/smilelogistics.vn\/index.php?rest_route=\/wp\/v2\/pages\/16\/revisions"}],"predecessor-version":[{"id":1434,"href":"https:\/\/smilelogistics.vn\/index.php?rest_route=\/wp\/v2\/pages\/16\/revisions\/1434"}],"wp:attachment":[{"href":"https:\/\/smilelogistics.vn\/index.php?rest_route=%2Fwp%2Fv2%2Fmedia&parent=16"}],"curies":[{"name":"wp","href":"https:\/\/api.w.org\/{rel}","templated":true}]}}